31421?
4044122
In base 15, what is -ce9369 - 14?
-ce937d
In base 10, what is 17124121 - 14?
17124107
In base 7, what is 132 + 10604320?
10604452
In base 10, what is -4365 + -3381?
-7746
In base 16, what is -138135b + -7?
-1381362
In base 10, what is 5 - 3451262?
-3451257
In base 14, what is 201d89 + 6?
201d91
In base 15, what is -1a77e32b - -4?
-1a77e327
In base 15, what is 6e - 9c72c?
-9c6ad
In base 5, what is -32131 + 30413?
-1213
In base 10, what is -3 + 3971654?
3971651
In base 12, what is 59a + -24b?
34b
In base 2, what is -110001110 + -10011110111111000101?
-10011111000101010011
In base 10, what is 13399 - 509?
12890
In base 6, what is 4 + -51232434?
-51232430
In base 9, what is -452803885 + -2?
-452803887
In base 5, what is 113 - -3322244313?
3322244431
In base 11, what is -4 + -1360723?
-1360727
In base 7, what is -64 - -4250035?
4246641
In base 11, what is -874a - -25026?
17387
In base 12, what is 151 + -1014?
-a83
In base 13, what is -121bb3 + 4?
-121bac
In base 5, what is 22134 - 43220?
-21031
In base 2, what is 1101101010110011111101 - 101101?
1101101010110011010000
In base 6, what is -3230024 - 15130?
-3245154
In base 14, what is 29d90 + -2c?
29d62
In base 2, what is -1 + -100101001010111000100?
-100101001010111000101
In base 13, what is 1 - -2b1bb1?
2b1bb2
In base 3, what is -1112 - -102000202020?
102000200201
In base 14, what is -1 + b8457d?
b8457c
In base 7, what is -513056216 + -1?
-513056220
In base 12, what is 51 + 960381?
960412
In base 7, what is -66 - -54515045?
54514646
In base 8, what is 30374 - -567?
31163
In base 5, what is 1 + -10022230030?
-10022230024
In base 8, what is 431322444 + 2?
431322446
In base 7, what is -5435 - 241564?
-250332
In base 5, what is 321111132 + -1122?
321110010
In base 12, what is 1328a83a3 - 4?
1328a839b
In base 11, what is 26 + -a637a54?
-a637a29
In base 12, what is 20b + -2173a0?
-217191
In base 15, what is 4 - 178b3da0?
-178b3d9b
In base 12, what is -ab852 - 93?
-ab925
In base 3, what is 10020021 - -10210201?
21000222
In base 9, what is -2 + 125200136?
125200134
In base 3, what is -21020001 + -1221221111?
-2020011112
In base 14, what is 31b078 + 47?
31b0c1
In base 12, what is -1001b72 + 26?
-1001b48
In base 5, what is 44420 + 113330?
213300
In base 9, what is -6 - 8580203?
-8580210
In base 7, what is 5622242406 - 1?
5622242405
In base 13, what is 4590b9 + -2?
4590b7
In base 10, what is 180812852 + 3?
180812855
In base 10, what is -580 + -104954?
-105534
In base 9, what is -13875806 + 125?
-13875671
In base 14, what is 7 + -1c12445?
-1c1243c
In base 8, what is -175471 - 671?
-176362
In base 9, what is -1 - -76402448?
76402447
In base 11, what is 80225a - 33?
802227
In base 14, what is -4d2787 - -21?
-4d2766
In base 12, what is 2932 + 11a403?
121135
In base 2, what is 0 + 10000111011000101010110?
10000111011000101010110
In base 11, what is -a + 89a5973?
89a5964
In base 11, what is -2416a52 - -71?
-2416991
In base 10, what is -2113 - 10267?
-12380
In base 15, what is -1 + ba48a7?
ba48a6
In base 12, what is -15 - -b6626?
b6611
In base 14, what is -630da68c + 3?
-630da689
In base 11, what is -222 + -6a65?
-7187
In base 8, what is -103527117 - 1?
-103527120
In base 3, what is -2100112011 - -10222000?
-2012120011
In base 10, what is 13 - 23166142?
-23166129
In base 12, what is 91aa8463 + -5?
91aa845a
In base 8, what is 221544730 + -1?
221544727
In base 11, what is 57a3 - -751?
6444
In base 2, what is 100 - 1001101110011101010?
-1001101110011100110
In base 16, what is -3 - 4ad0f9e?
-4ad0fa1
In base 8, what is 5212 + 2121?
7333
In base 3, what is 112210201221 - 10102?
112210121112
In base 4, what is -10221020023311 - 3?
-10221020023320
In base 14, what is -346 - -702?
39a
In base 7, what is -5 - -34166443?
34166435
In base 6, what is -1030511 + -33?
-1030544
In base 2, what is -1000111110101100100000 - -1001?
-1000111110101100010111
In base 14, what is 345a099 + -8?
345a091
In base 8, what is -3317030 + 673?
-3316135
In base 16, what is -35879d + 1?
-35879c
In base 10, what is 12836 + 535?
13371
In base 9, what is -3 - -2134630?
2134626
In base 4, what is -223330 + 1003201?
113211
In base 10, what is -4 - 554142?
-554146
In base 7, what is 6631 - 10333?
-402
In base 16, what is b20f4 + 14b?
b223f
In base 6, what is 1543 + 112004?
113551
In base 12, what is 18 + 46b6?
4712
In base 2, what is -110010001100 - -10100100011001?
1110010001101
In base 5, what is -221320440 - -131?
-221320304
In base 12, what is -5 - 155bb10?
-155bb15
In base 8, what is 5175526 + -1275?
5174231
In base 4, what is -1232221023 - 33?
-1232221122
In base 8, what is -60270200 + 6?
-60270172
In base 5, what is -3 + 322002221220?
322002221212
In base 14, what is 10b - d4c676?
-d4c569
In base 12, what is 31 - 31305?
-31294
In base 15, what is 16cdb + -b?
16cd0
In base 12, what is -3 - -33bba1ba?
33bba1b7
In base 4, what is 3220011 - -11312233?
21132310
In base 15, what is -1 + 406eec4?
406eec3
In base 7, what is 30 - -3161433?
3161463
In base 11, what is -a5 + -40279?
-40373
In base 5, what is 123131 - 11433220?
-11310034
In base 7, what is -2 + 151552322?
151552320
In base 5, what is -1312111 + -431433?
-2244044
In base 5, what is -104132431323 + -12?
-104132431340
In base 13, what is 520b10 - 5?
520b08
In base 10, what is -15362 - 521?
-15883
In base 7, what is 5 + 322616554?
322616562
In base 15, what is 130 - -231151?
231281
In base 12, what is -10283 - b17?
-1119a
In base 16, what is -2cd - 409e3?
-40cb0
In base 13, what is 82b - -641c?
6c4a
In base 4, what is -1030112220 - 31?
-1030112311
In base 8, what is 101322606 + 5?
101322613
In base 12, what is 58809 - 314?
584b5
In base 16, what is 16 + 262ef3?
262f09
In base 13, what is -614 + 303?
-311
In base 16, what is -2b + -d1306?
-d1331
In base 13, what is -7c7c87 - -6?
-7c7c81
In base 9, what is -16231000 + 8?
-16230881
In base 3, what is 1122110221102 + -12?
1122110221020
In base 7, what is 106 + -541435?
-541326
In base 15, what is -eee + -9198?
-a197
In base 9, what is 1 + -13560641?
-13560640
In base 3, what is -11121 - -12220100000?
12220011102
In base 13, what is 7 + 15b5a3?
15b5aa
In base 8, what is 54650652 + 113?
54650765
In base 16, what is -4fe82a + a?
-4fe820
In base 7, what is 30533 - 10156?
20344
In base 3, what is -1 - 211121022111100?
-211121022111101
In base 3, what is -2 - 2021012011201202?
-2021012011201211
In base 5, what is 24214311 - 11?
24214300
In base 11, what is 22 + 28701a38?
28701a5a
In base 2, what is -101011 + -1010000001101001001110?
-1010000001101001111001
In base 3, what is 111111112011102 + -10?
111111112011022
In base 12, what is 7320 + -bba?
6322
In base 10, what is 4 - -187393500?
187393504
In base 2, what is 1000110011001010110100000100 - -101?
1000110011001010110100001001
In base 3, what is 222221000002100210 + 2?
222221000002100212
In base 14, what is -11 - -1613b68?
1613b57
In base 7, what is 12201 + -20516?
-5315
In base 9, what is -73815435 - -2?
-73815433
In base 5, what is -14 - 144312223?
-144312242
In base 3, what is 21112010001210 - -221?
21112010002201
In base 15, what is 84 + a4bcb0?
a4bd44
In base 3, what is -1000110120011201 + -120?
-1000110120012021
In base 4, what is -2 - -30222031030?
30222031022
In base 5, what is 42 + 4213331041?
4213331133
In base 9, what is 23328601 + -2?
23328588
In base 15, what is -26938d23 + 4?
-26938d1e
In base 14, what is 5 + 5372b0?
5372b5
In base 9, what is 6 + -65010036?
-65010030
In base 7, what is -2 + 1161204220?
1161204215
In base 9, what is 6 + 22833702?
22833708
In base 3, what is -2120011112 - -11122101?
-2101112011
In base 6, what is -2434 - -140040?
133202
In base 15, what is -c7bc867 + -1?
-c7bc868
In base 9, what is 252 + -110604?
-110342
In base 5, what is 2 - -20322144201?
20322144203
In base 12, what is -3ab614 - 186?
-3ab79a
In base 16, what is -10d + -f4446?
-f4553
In base 13, what is 1 - 6a8810?
-6a880c
In base 5, what is 2032040 - 1320?
2030220
In base 16, what is -206 - -8b2?
6ac
In base 4, what is -22 - 311330330?
-311331012
In base 12, what is -10 + -3b681a2?
-3b681b2
In base 4, what is -100 + 112330121?
112330021
In base 5, what is -1 - 3211433042?
-3211433043
In base 11, what is a92 + 248?
122a
In base 10, what is -112 - -340637?
340525
In base 12, what is 3 - 58